73
What are the prime factors of 975126359?
31, 773, 40693
What are the prime factors of 86540628?
2, 3, 23, 313553
List the prime factors of 1957834786.
2, 978917393
What are the prime factors of 33886857?
3, 37, 223
List the prime factors of 185174932.
2, 23, 487, 4133
What are the prime factors of 306263112?
2, 3, 41, 547, 569
What are the prime factors of 139729944?
2, 3, 5822081
What are the prime factors of 1347762668?
2, 7, 48134381
List the prime factors of 372435623.
7, 7600727
List the prime factors of 2755085231.
29, 37, 2567647
What are the prime factors of 4066523347?
29, 149, 887, 1061
List the prime factors of 6724837082.
2, 2221, 1513921
What are the prime factors of 2578867180?
2, 5, 23, 827, 6779
List the prime factors of 13361647.
13, 79063
What are the prime factors of 439399776?
2, 3, 19, 240899
List the prime factors of 44310259.
7, 23, 39317
List the prime factors of 1955477010.
2, 3, 5, 37, 1761691
List the prime factors of 75091204.
2, 37, 313, 1621
List the prime factors of 100918607.
2437, 41411
List the prime factors of 41927283.
3, 31, 103, 1459
What are the prime factors of 2437280803?
17, 19, 61, 123701
List the prime factors of 306226.
2, 153113
List the prime factors of 370971453.
3, 123657151
What are the prime factors of 81473322?
2, 3, 7, 1939841
What are the prime factors of 410616849?
3, 367, 461, 809
List the prime factors of 24845864.
2, 449, 6917
List the prime factors of 97510556.
2, 11, 13, 170473
List the prime factors of 245014.
2, 7, 11, 37, 43
What are the prime factors of 189750940?
2, 5, 17, 558091
List the prime factors of 58393230.
2, 3, 5, 7, 278063
List the prime factors of 113037977.
13, 193, 45053
What are the prime factors of 94620323?
7, 19, 14519
What are the prime factors of 119116993?
3299, 36107
What are the prime factors of 122093057?
8623, 14159
List the prime factors of 4162117453.
13, 167, 353, 5431
What are the prime factors of 61525540?
2, 5, 1051, 2927
List the prime factors of 909619005.
3, 5, 2309, 26263
List the prime factors of 911957108.
2, 157, 503, 2887
List the prime factors of 22720165.
5, 13, 431, 811
What are the prime factors of 496583741?
73, 2381, 2857
What are the prime factors of 41839991?
269, 155539
List the prime factors of 312603033.
3, 353, 295187
List the prime factors of 322031022.
2, 3, 29, 593, 3121
List the prime factors of 233593397.
409, 571133
List the prime factors of 2054604297.
3, 3617, 189347
List the prime factors of 301382455.
5, 11, 23, 238247
List the prime factors of 17311312.
2, 61, 17737
What are the prime factors of 30494439?
3, 43, 78797
List the prime factors of 364410314.
2, 59, 173, 17851
What are the prime factors of 30739135?
5, 7, 31, 41, 691
List the prime factors of 1113426635.
5, 1453, 153259
What are the prime factors of 342042720?
2, 3, 5, 17, 167, 251
List the prime factors of 24309368.
2, 619, 4909
List the prime factors of 1538081886.
2, 3, 11, 3643, 6397
What are the prime factors of 213491634?
2, 3, 35581939
What are the prime factors of 38199085?
5, 17, 41, 97, 113
What are the prime factors of 1208936568?
2, 3, 7, 239, 30109
What are the prime factors of 216736917?
3, 72245639
What are the prime factors of 16540047?
3, 401, 4583
What are the prime factors of 13616836?
2, 73, 46633
What are the prime factors of 226798734?
2, 3, 17, 29, 76673
What are the prime factors of 2858248412?
2, 47, 15203449
List the prime factors of 1849650701.
131, 14119471
What are the prime factors of 95085224?
2, 13, 337, 2713
What are the prime factors of 156505745?
5, 11, 37, 76907
What are the prime factors of 692449007?
692449007
List the prime factors of 57965536.
2, 31, 71, 823
List the prime factors of 152377181.
11, 13852471
What are the prime factors of 62586201?
3, 20862067
What are the prime factors of 66301025?
5, 7, 227, 1669
What are the prime factors of 63332058?
2, 3, 10555343
What are the prime factors of 269198894?
2, 134599447
List the prime factors of 145126964.
2, 23, 127, 12421
List the prime factors of 148788604.
2, 37197151
What are the prime factors of 989667990?
2, 3, 5, 3665437
List the prime factors of 1100693370.
2, 3, 5, 7, 19, 39409
List the prime factors of 1533744917.
1533744917
List the prime factors of 326620461.
3, 108873487
What are the prime factors of 558468499?
558468499
What are the prime factors of 1172555146?
2, 7, 41, 53, 38543
What are the prime factors of 319127638?
2, 17, 1697, 5531
What are the prime factors of 272214259?
59, 1277, 3613
List the prime factors of 44948442.
2, 3, 7, 11, 17, 59, 97
List the prime factors of 55088511.
3, 83, 221239
List the prime factors of 85213311.
3, 313, 90749
List the prime factors of 2553984572.
2, 181, 547, 6449
What are the prime factors of 100117241?
7, 291887
What are the prime factors of 1085956524?
2, 3, 10055153
List the prime factors of 3168815855.
5, 193, 3283747
List the prime factors of 18838071.
3, 7, 299017
List the prime factors of 1151620316.
2, 7, 11, 109, 34303
List the prime factors of 179776630.
2, 5, 11, 1634333
List the prime factors of 8649094.
2, 4324547
List the prime factors of 51511905.
3, 5, 653, 1753
What are the prime factors of 199977787?
41, 4877507
What are the prime factors of 181472646?
2, 3, 30245441
List the prime factors of 396736264.
2, 19, 31, 269, 313
List the prime factors of 83177624.
2, 1063, 9781
What are the prime factors of 60297987?
3, 2551, 7879
What are the prime factors of 3329624549?
61, 54584009
List the prime factors of 1789617855.
3, 5, 131, 910747
What are the prime factors of 85440529?
1747, 48907
List the prime factors of 1704577280.
2, 5, 7, 190243
What are the prime factors of 2148686701?
7, 163, 269023
What are the prime factors of 26078522?
2, 883, 14767
What are the prime factors of 1107334989?
3, 53, 467, 1657
What are the prime factors of 3879871?
41, 173, 547
What are the prime factors of 3582272493?
3, 7949, 16691
List the prime factors of 476125863.
3, 158708621
List the prime factors of 233733078.
2, 3, 12985171
List the prime factors of 80789303.
7, 43, 268403
What are the prime factors of 334587581?
334587581
What are the prime factors of 82737875?
5, 11, 19, 3167
What are the prime factors of 1629698907?
3, 543232969
List the prime factors of 53396443.
911, 58613
What are the prime factors of 79791886?
2, 39895943
What are the prime factors of 69464175?
3, 5, 11, 84199
List the prime factors of 71931966.
2, 3, 31, 386731
List the prime factors of 8176067.
509, 16063
What are the prime factors of 28297708?
2, 41, 109, 1583
List the prime factors of 68102404.
2, 641, 26561
What are the prime factors of 1019692358?
2, 4567, 111637
What are the prime factors of 2005385783?
263, 7625041
What are the prime factors of 1106347714?
2, 491, 1126627
What are the prime factors of 12160693?
89, 139, 983
What are the prime factors of 2941683689?
7, 17, 3531433
List the prime factors of 365174318.
2, 43, 4246213
List the prime factors of 456389496.
2, 3, 6338743
What are the prime factors of 96457208?
2, 769, 15679
What are the prime factors of 2095586372?
2, 11, 5641, 8443
What are the prime factors of 212404197?
3, 293, 241643
List the prime factors of 2108346759.
3, 1063, 73459
List the prime factors of 916710777.
3, 1453, 7789
List the prime factors of 792648147.
3, 264216049
What are the prime factors of 72208689?
3, 7, 61, 56369
List the prime factors of 364222670.
2, 5, 7, 5203181
What are the prime factors of 24200216?
2, 3025027
What are the prime factors of 4825756838?
2, 7, 19, 18141943
What are the prime factors of 854052514?
2, 7, 23, 115319
What are the prime factors of 185276552?
2, 53, 436973
What are the prime factors of 6066717980?
2, 5, 31, 199, 49171
What are the prime factors of 1457898497?
11, 132536227
List the prime factors of 514951185.
3, 5, 7, 41, 119617
List the prime factors of 1584796330.
2, 5, 13, 223, 54667
List the prime factors of 52972624.
2, 3310789
List the prime factors of 82111661.
463, 177347
List the prime factors of 92635764.
2, 3, 13, 191, 3109
What are the prime factors of 152103551?
571, 266381
What are the prime factors of 1253317234?
2, 13, 1601, 30109
What are the prime factors of 361553764?
2, 11, 13, 632087
List the prime factors of 141677853.
3, 26